digit of x?
3
Let r be 3 - (2 - -3) - 0. Let a be -2*(-9)/2 - r. Suppose 3*i - a = 70. What is the units digit of i?
7
Suppose -12*a - y = -8*a - 10899, 4 = -4*y. What is the thousands digit of a?
2
Let f(y) be the third derivative of -y**5/60 + 5*y**4/24 - y**3/2 + y**2. Let n be f(3). What is the units digit of (n + 28/(-8))*-36?
8
What is the units digit of (-11)/(66/(-720)) - -2?
2
Suppose 0 = 162*x - 167*x + 10. What is the hundreds digit of (3 - x)*5 - -195?
2
Let c(q) = -65*q**3 + 1. Suppose 5*b = -k - 3*k - 24, 4*k - 12 = 4*b. What is the units digit of c(k)?
6
Let b be (-2 - 125/(-4))/(2/16). Suppose m - b = -2*m + 3*i, 2*m = 5*i + 171. What is the tens digit of m?
7
Let u be (-28)/(-14)*(-50)/(-4). Suppose -22*j + u*j = 93. What is the units digit of j?
1
Let y(f) = -f**3 - 9*f**2 - f + 6. Let d be y(-9). Suppose -7*b + d = -2*b. Suppose -6*k + b*k + 33 = 0. What is the units digit of k?
1
Suppose 0 = -16*i - 42*i + 23490. What is the tens digit of i?
0
Let i = 106 + -94. What is the tens digit of (-1610)/(-21)*1/(10/i)?
9
Let k(n) = 12*n**2 + 3. Let l be k(3). Suppose v = l - 26. What is the units digit of v?
5
Suppose -30 = -4*j - 10. Suppose -2*a + 3*z + 33 = 0, 5*z + 15 = j*a - 65. Let t = a - 2. What is the units digit of t?
3
Let i = 1775 + 2760. What is the hundreds digit of i?
5
Let g = -9 + 10. Suppose 3*d + 4 = g. Let u = d + 25. What is the tens digit of u?
2
Let u be 18/(-4)*(-170)/15. Suppose 0 = -6*h + u + 57. Let r = h - 5. What is the tens digit of r?
1
What is the hundreds digit of 1*-4*362*7/(-56)?
1
Let w = -274 + 102. What is the tens digit of (w/(-4) + 0)*1?
4
Let k(i) = -i**3 + 2*i**2 + 2*i - 1. Let p be k(2). Let z(n) = -6*n - p*n - 7*n + n. What is the tens digit of z(-2)?
3
Suppose -5 = -5*r + 3*v, 4*r + v = 6*v - 9. Suppose 0 = -3*q + 2*q + r, -b = -4*q - 47. What is the units digit of b?
3
Let z(p) = -p**3 + 10*p**2 - 8*p - 5. Let a(j) = -2*j + 3. Let x be a(-3). Let h be z(x). What is the units digit of (-226)/(-8) - 1/h?
8
Let m = 34 + -21. Let t = -17 + m. What is the units digit of ((-2)/t)/((-3)/(-30))?
5
Let k be (1*3 - (-2 + -335)) + 2. Suppose 4*j - g - k = 0, j - g - 22 - 65 = 0. What is the tens digit of j?
8
Let t = 165 - -715. What is the hundreds digit of t?
8
Let r(g) = 26*g**2 - 2*g + 1. Let b be r(1). Suppose 17 = k - b. Suppose 0*m + k = 2*m. What is the units digit of m?
1
Suppose 0 = 5*q - 14 - 1. What is the tens digit of (-184)/(-6) - 2/q?
3
Let z = -34 + 36. Let i(l) = -l**z + 7*l - 15*l - 3 + 5. What is the units digit of i(-7)?
9
Let p = -446 - -1308. What is the hundreds digit of p?
8
Let v(p) = -52*p - 36. What is the tens digit of v(-8)?
8
Suppose 3*k = 7*k - 144. What is the tens digit of (118/3)/(4*3/k)?
1
Let m(t) = -125*t**3 - 3*t - 3. Suppose -3*a - 13 = 4*w, 5*w + 2*a + 8 = a. What is the units digit of m(w)?
5
Suppose -5*j + 4894 = 3*f, 5*f + 3*j - 2574 - 5588 = 0. What is the hundreds digit of f?
6
Let q(k) = 13*k**2 - 18 + 13*k**2 + 5*k - 25*k**2. Let y be q(-8). Suppose -168 = -y*g + 2*g. What is the units digit of g?
2
Let f = 11 - -40. Let i(n) = 4*n + 12. Let m be i(-9). Let x = f + m. What is the units digit of x?
7
Let o(q) = -q**2 - 10*q + 4. Let b = -23 + 13. What is the units digit of o(b)?
4
Let r(t) = t**2 - t - 21. Let l be 777/27 - 4/(-18). Suppose -l + 11 = -2*p. What is the tens digit of r(p)?
5
Suppose 0 = 26*y + 23797 - 100445. What is the hundreds digit of y?
9
Suppose 0 = -5*m + 17*m - 468. Suppose 6*z - 52 = -2*q + z, 104 = 4*q - 4*z. Let h = m - q. What is the units digit of h?
3
Let d = -11 - -16. Suppose 4*f + 2*m - 8 = 0, 5*f - d*m = 7 + 3. Suppose -4*r + 80 = -f*z - 0*z, 2*r = -2*z + 52. What is the tens digit of r?
2
Suppose 2*q = 7554 - 944. What is the hundreds digit of q?
3
Suppose -4*y - 5*q + 172 = 0, -2*y + 2*q + 2*q = -86. Let a be y - (3 + -2 + -2). What is the units digit of 0 + 0 - (4 - a)?
0
Let t = 34 + -36. What is the units digit of ((-32)/4)/(t/8)?
2
Let o be (-5)/(60/1568)*3*-1. Suppose -38*p = -42*p + o. What is the units digit of p?
8
Let f = 348 - 224. Suppose f = -6*k + 322. What is the units digit of k?
3
Suppose -1915 = -3*f - t - 0*t, 1250 = 2*f - 6*t. What is the hundreds digit of f?
6
Let q(c) = c**2 - 4*c - 47. Let m be q(20). Suppose -6*h = -93 - m. What is the tens digit of h?
6
Let m(f) = f**3 - 8*f**2 - 11*f - 8. Let z be m(10). Let j = z - 31. What is the tens digit of j?
5
Let i = 112 + -84. Let w = 10 + i. What is the tens digit of w?
3
Suppose 0 = 6*n + 3*n - 5751. What is the hundreds digit of n?
6
Let f(v) be the second derivative of v**5/20 + v**4/12 - 2*v**2 + 7*v. What is the tens digit of f(3)?
3
Let a = -2 + 4. Suppose -92 = -l - a*l - m, -3*m = -15. What is the tens digit of l?
2
What is the tens digit of (0 - -5)*(-7 + (-543)/(-5))?
0
Let f be 84/10 - (-24)/40. Let u(k) = k**3 - 10*k**2 + 14*k - 6. Let i be u(f). Let a = i - 11. What is the units digit of a?
8
Let m(j) = -j**2 + 200. Let z be m(0). Suppose -l + 33 = -0*p + 3*p, -5*p - z = -4*l. What is the tens digit of l?
4
Let c be ((-2)/(-1))/4*382. Suppose 10*s = c + 209. What is the units digit of s?
0
Let z(c) = -c**3 - 5*c**2 - c - 3. Let w be z(-5). Suppose 0*p = -w*x + 2*p + 102, -239 = -5*x - 3*p. What is the tens digit of x?
4
Let o(t) = t**3 + 9*t**2 + 10*t + 12. Let p be o(-6). Let s = 90 - p. What is the units digit of s?
0
Let m(v) = 198*v - 7. Let o be m(7). Let b be 6171/68 - (-2)/8. What is the tens digit of o/b - (-2)/(-13)?
1
Let m(q) = q**3 - 27*q**2 - 30*q - 19. What is the tens digit of m(29)?
9
Let u(w) = 27*w**2 - 301*w + 4. What is the hundreds digit of u(-7)?
4
Let n be (-16)/6 - -4 - 1/3. What is the units digit of 172 + (n - 5/5)?
2
Suppose 14*l - 2793 + 245 = 0. What is the units digit of l?
2
Let x(m) = -m**3 + m**2 - 2*m + 108. What is the hundreds digit of x(0)?
1
What is the tens digit of -36*(5 + 125/(-20))?
4
Suppose 0 = -3*p - x + 7, 2*x + 15 = -x. Suppose r - l + 13 = p*l, 5*r + l = 13. Suppose r*t = -42 + 102. What is the units digit of t?
0
Suppose 5*p + 4*u = 229, p + 4*u - 180 = -3*p. What is the units digit of p?
9
Let z(d) = d**2 + 5*d + 4. Let c be z(-7). Let i = 57 - c. What is the tens digit of i?
3
Let w(k) = 261*k - 131. What is the units digit of w(3)?
2
Let u(a) = 23*a - 15. What is the hundreds digit of u(17)?
3
Let r(d) = d**3 - 6*d**2 - 6*d + 10. Let o be r(8). What is the tens digit of 20/o - 682/(-9)?
7
Suppose k - r - 3*r = 24, -4*r - 16 = k. Suppose -k*h + h = 0. Suppose h*u = -2*d + 3*u + 3, u - 9 = -d. What is the units digit of d?
6
Let o(q) = -48*q + 3. What is the tens digit of o(-8)?
8
Let h = 45 - 43. Suppose 3*f - 232 = -h*v, -4*v = f - 173 - 271. What is the units digit of v?
0
Suppose -46 = 4*j - 10. Let i = j + 55. What is the tens digit of i?
4
Suppose 79*q = -12548 + 56235. What is the tens digit of q?
5
Let r(w) = -231*w - 169. What is the tens digit of r(-3)?
2
Suppose 2*k + 1904 = 3*w + 3*k, -5*w - 5*k = -3180. Suppose -5*a - w - 461 = -5*u, -u + 2*a + 223 = 0. What is the units digit of u?
5
Suppose 0*a + 2*a + 6 = -3*t, a - 3*t - 6 = 0. Let y(q) = 3*q + 40. Let x(s) = 16*s + 200. Let b(p) = -2*x(p) + 11*y(p). What is the units digit of b(a)?
0
Suppose 4*p = -18 - 6. Let c(n) = 5*n**2 + 13*n - 4. What is the units digit of c(p)?
8
Let v = 36 + -30. Suppose -v*k = -3*k + 30. What is the units digit of 303/15 - (-2)/k?
0
Let c(d) = 2*d**2 - d - 14. Let s be c(0). Let h(p) = 3*p**2 + 38*p + 3. What is the units digit of h(s)?
9
Let f(m) = 48*m**2 + 5*m + 13. What is the hundreds digit of f(-3)?
4
Let k = -3 - -5. Let l be -2*k/8*-30. Suppose u + p - l = 0, -3*u = -6*u - 5*p + 55. What is the units digit of u?
0
Let h(q) = 56*q**2 + 22*q - 66. What is the hundreds digit of h(3)?
5
Let b = 5575 + -2701. What is the units digit of b?
4
Let v(d) = -d + 12. Let o be v(10). Suppose 5*c = 4*s - 95, -4*s + 27 + 75 = 2*c. Suppose -3*k = -12, -2*b + b + s = o*k. What is the tens digit of b?
1
Let f = 146 - 6. Suppose 5*d - 2*m - 185 = f, -65 = -d + 5*m. What is the units digit of d?
5
Let z(h) = -2*h + 22. Let j be z(-20). Suppose q - 22 - j = 0. What is the tens digit of q?
8
Let j(m) = -4*m**3 - 23*m**2 - 17*m + 13. Let w(q) = 3*q**3 + 22*q**2 + 17*q - 12. Let i(s) = -4*j(s) - 5*w(s). W